{"id":214,"date":"2024-05-30T11:17:38","date_gmt":"2024-05-30T09:17:38","guid":{"rendered":"http:\/\/debrouilletoi.com\/?post_type=product&#038;p=214"},"modified":"2024-06-05T21:10:50","modified_gmt":"2024-06-05T19:10:50","slug":"lot-de-tubes","status":"publish","type":"product","link":"https:\/\/debrouilletoi.com\/index.php\/produit\/lot-de-tubes\/","title":{"rendered":"Lot de 100 tubes"},"content":{"rendered":"<p>Lot de 100 tubes \u00e0 vide de divers r\u00e9f\u00e9rences (voir photos).<\/p>\n<p><img loading=\"lazy\" decoding=\"async\" class=\"alignnone size-medium wp-image-215\" src=\"http:\/\/debrouilletoi.com\/wp-content\/uploads\/2024\/05\/Tubes-300x225.jpg\" alt=\"\" width=\"300\" height=\"225\" srcset=\"https:\/\/debrouilletoi.com\/wp-content\/uploads\/2024\/05\/Tubes-300x225.jpg 300w, https:\/\/debrouilletoi.com\/wp-content\/uploads\/2024\/05\/Tubes-1024x768.jpg 1024w, https:\/\/debrouilletoi.com\/wp-content\/uploads\/2024\/05\/Tubes-768x576.jpg 768w, https:\/\/debrouilletoi.com\/wp-content\/uploads\/2024\/05\/Tubes-1536x1152.jpg 1536w, https:\/\/debrouilletoi.com\/wp-content\/uploads\/2024\/05\/Tubes-600x450.jpg 600w, https:\/\/debrouilletoi.com\/wp-content\/uploads\/2024\/05\/Tubes.jpg 2000w\" sizes=\"auto, (max-width: 300px) 100vw, 300px\" \/><\/p>\n","protected":false},"excerpt":{"rendered":"<ul>\n<li>Caisse de 100 tubes \u00e0 vides de provenance radio et TV.<\/li>\n<\/ul>\n","protected":false},"featured_media":215,"template":"","meta":[],"product_brand":[],"product_cat":[29],"product_tag":[],"class_list":{"0":"post-214","1":"product","2":"type-product","3":"status-publish","4":"has-post-thumbnail","6":"product_cat-tubes-a-vide","8":"entry","9":"has-media","11":"first","12":"instock","13":"shipping-taxable","14":"purchasable","15":"product-type-simple","16":"has-product-nav","17":"col","18":"span_1_of_4","19":"owp-content-center","20":"owp-thumbs-layout-horizontal","21":"owp-btn-normal","22":"owp-tabs-layout-horizontal","23":"has-no-thumbnails"},"_links":{"self":[{"href":"https:\/\/debrouilletoi.com\/index.php\/wp-json\/wp\/v2\/product\/214","targetHints":{"allow":["GET"]}}],"collection":[{"href":"https:\/\/debrouilletoi.com\/index.php\/wp-json\/wp\/v2\/product"}],"about":[{"href":"https:\/\/debrouilletoi.com\/index.php\/wp-json\/wp\/v2\/types\/product"}],"wp:featuredmedia":[{"embeddable":true,"href":"https:\/\/debrouilletoi.com\/index.php\/wp-json\/wp\/v2\/media\/215"}],"wp:attachment":[{"href":"https:\/\/debrouilletoi.com\/index.php\/wp-json\/wp\/v2\/media?parent=214"}],"wp:term":[{"taxonomy":"product_brand","embeddable":true,"href":"https:\/\/debrouilletoi.com\/index.php\/wp-json\/wp\/v2\/product_brand?post=214"},{"taxonomy":"product_cat","embeddable":true,"href":"https:\/\/debrouilletoi.com\/index.php\/wp-json\/wp\/v2\/product_cat?post=214"},{"taxonomy":"product_tag","embeddable":true,"href":"https:\/\/debrouilletoi.com\/index.php\/wp-json\/wp\/v2\/product_tag?post=214"}],"curies":[{"name":"wp","href":"https:\/\/api.w.org\/{rel}","templated":true}]}}